{"id":2411,"date":"2024-12-11T21:50:03","date_gmt":"2024-12-11T20:50:03","guid":{"rendered":"https:\/\/temabiuro.pl\/?page_id=2411"},"modified":"2025-03-23T17:08:06","modified_gmt":"2025-03-23T16:08:06","slug":"o-mnie","status":"publish","type":"page","link":"https:\/\/temabiuro.pl\/index.php\/o-mnie\/","title":{"rendered":"O mnie"},"content":{"rendered":"<div class=\"fusion-fullwidth fullwidth-box fusion-builder-row-1 fusion-flex-container nonhundred-percent-fullwidth non-hundred-percent-height-scrolling\" style=\"--awb-border-radius-top-left:0px;--awb-border-radius-top-right:0px;--awb-border-radius-bottom-right:0px;--awb-border-radius-bottom-left:0px;--awb-flex-wrap:wrap;\" ><div class=\"fusion-builder-row fusion-row fusion-flex-align-items-flex-start fusion-flex-content-wrap\" style=\"max-width:1248px;margin-left: calc(-4% \/ 2 );margin-right: calc(-4% \/ 2 );\"><div class=\"fusion-layout-column fusion_builder_column fusion-builder-column-0 fusion_builder_column_1_1 1_1 fusion-flex-column\" style=\"--awb-bg-size:cover;--awb-width-large:100%;--awb-margin-top-large:0px;--awb-spacing-right-large:1.92%;--awb-margin-bottom-large:0px;--awb-spacing-left-large:1.92%;--awb-width-medium:100%;--awb-spacing-right-medium:1.92%;--awb-spacing-left-medium:1.92%;--awb-width-small:100%;--awb-spacing-right-small:1.92%;--awb-spacing-left-small:1.92%;\"><div class=\"fusion-column-wrapper fusion-flex-justify-content-flex-start fusion-content-layout-column\"><div class=\"fusion-text fusion-text-1\"><p>Jestem certyfikowan\u0105 ksi\u0119gow\u0105 z ponad 25-letnim do\u015bwiadczeniem w zarz\u0105dzaniu finansami i rachunkowo\u015bci\u0105 sp\u00f3\u0142ek akcyjnych, sp\u00f3\u0142ek z o.o. oraz innych podmiot\u00f3w gospodarczych.<\/p>\n<p>Moje dzia\u0142ania obejmuj\u0105:<\/p>\n<ul>\n<li>Kompleksowe zarz\u0105dzanie dzia\u0142em ksi\u0119gowo\u015bci w sp\u00f3\u0142kach, z naciskiem na optymalizacj\u0119 proces\u00f3w finansowych, ksi\u0119gowych i wdra\u017canie efektywnych system\u00f3w rachunkowych<\/li>\n<li>Projektowanie i implementacj\u0119 dedykowanych rozwi\u0105za\u0144 ksi\u0119gowych dopasowanych do specyfiki bran\u017cy i skali dzia\u0142alno\u015bci<\/li>\n<li>Obs\u0142ug\u0119 sp\u00f3\u0142ek oraz jednoosobowych dzia\u0142alno\u015bci gospodarczych, ze szczeg\u00f3lnym uwzgl\u0119dnieniem optymalizacji koszt\u00f3w i raportowania wyniku<\/li>\n<\/ul>\n<p>Oferuj\u0119 kompleksowe wsparcie ksi\u0119gowe oparte na dog\u0142\u0119bnej analizie potrzeb firmy, z wykorzystaniem nowoczesnych narz\u0119dzi i system\u00f3w finansowo-ksi\u0119gowych. Gwarantuj\u0119 profesjonalne podej\u015bcie oraz indywidualne rozwi\u0105zania dostosowane do specyfiki Pa\u0144stwa dzia\u0142alno\u015bci.<\/p>\n<p>Zapraszam do kontaktu w celu om\u00f3wienia mo\u017cliwo\u015bci wsp\u00f3\u0142pracy.<\/p>\n<\/div><\/div><\/div><\/div><\/div>\n","protected":false},"excerpt":{"rendered":"","protected":false},"author":3,"featured_media":0,"parent":0,"menu_order":0,"comment_status":"closed","ping_status":"closed","template":"100-width.php","meta":{"footnotes":""},"class_list":["post-2411","page","type-page","status-publish","hentry"],"_links":{"self":[{"href":"https:\/\/temabiuro.pl\/index.php\/wp-json\/wp\/v2\/pages\/2411","targetHints":{"allow":["GET"]}}],"collection":[{"href":"https:\/\/temabiuro.pl\/index.php\/wp-json\/wp\/v2\/pages"}],"about":[{"href":"https:\/\/temabiuro.pl\/index.php\/wp-json\/wp\/v2\/types\/page"}],"author":[{"embeddable":true,"href":"https:\/\/temabiuro.pl\/index.php\/wp-json\/wp\/v2\/users\/3"}],"replies":[{"embeddable":true,"href":"https:\/\/temabiuro.pl\/index.php\/wp-json\/wp\/v2\/comments?post=2411"}],"version-history":[{"count":3,"href":"https:\/\/temabiuro.pl\/index.php\/wp-json\/wp\/v2\/pages\/2411\/revisions"}],"predecessor-version":[{"id":2600,"href":"https:\/\/temabiuro.pl\/index.php\/wp-json\/wp\/v2\/pages\/2411\/revisions\/2600"}],"wp:attachment":[{"href":"https:\/\/temabiuro.pl\/index.php\/wp-json\/wp\/v2\/media?parent=2411"}],"curies":[{"name":"wp","href":"https:\/\/api.w.org\/{rel}","templated":true}]}}